{"id":9,"date":"2018-02-27T18:59:40","date_gmt":"2018-02-27T18:59:40","guid":{"rendered":"http:\/\/pro-walderhalt.de\/?page_id=9"},"modified":"2021-11-03T10:54:31","modified_gmt":"2021-11-03T10:54:31","slug":"interessante-links","status":"publish","type":"page","link":"https:\/\/pro-walderhalt.de\/?page_id=9","title":{"rendered":"Interessante Links"},"content":{"rendered":"<h1><strong>BundesB\u00fcrgerInitiative WaldSchutz (BBIWS)<\/strong><\/h1>\n<h2><strong><span style=\"color: #000000;\">Gegr\u00fcndet am 01.07.2017 in Darmstadt<\/span><\/strong><\/h2>\n<p><a href=\"https:\/\/www.bundesbuergerinitiative-waldschutz.de\/\"><span style=\"color: #0000ff;\"><strong>https:\/\/www.bundesbuergerinitiative-waldschutz.de\/<\/strong><\/span><\/a><\/p>\n<h1>Essays, Gedichte \u00fcber Wald und B\u00e4ume von<\/h1>\n<h1><span style=\"color: #0000ff;\"><strong><a style=\"color: #0000ff;\" href=\"http:\/\/literatpro.de\/willi-grigor\">Willi Grigor<\/a><\/strong><\/span><\/h1>\n<h1>Unser Wald \u2013 Klimaretter oder Klimaopfer? Richard David Precht im Gespr\u00e4ch mit Peter Wohlleben<\/h1>\n<p><span style=\"color: #0000ff;\"><strong><a style=\"color: #0000ff;\" href=\"https:\/\/www.zdf.de\/gesellschaft\/precht\/precht-230.html\">https:\/\/www.zdf.de\/gesellschaft\/precht\/precht-230.html<\/a><\/strong><\/span><\/p>\n<h1><strong>Waldgipfel 2021 bei Peter Wohlleben<\/strong><\/h1>\n<p>Tag 1:<\/p>\n<p><span style=\"color: #0000ff;\"><strong><a style=\"color: #0000ff;\" href=\"https:\/\/clicks.eventbrite.com\/f\/a\/7q7tVvWY2_uMoEkZK4pOkg~~\/AAQxAQA~\/RgRi8mSwP0QraHR0cHM6Ly93d3cueW91dHViZS5jb20vd2F0Y2g_dj1jeWdWR3Bwem5kWVcDc3BjQgphDDAxEWEGpU_rUhlLcmF0endAemVkYXQuZnUtYmVybGluLmRlWAQAAAAA\">https:\/\/www.youtube.com\/watch?v=cygVGppzndY<\/a><\/strong><\/span><\/p>\n<p>Tag 2:<\/p>\n<p><span style=\"color: #0000ff;\"><strong><a style=\"color: #0000ff;\" href=\"https:\/\/clicks.eventbrite.com\/f\/a\/CGEpFN5jG4W4Q_pLqOv-BA~~\/AAQxAQA~\/RgRi8mSwP0QraHR0cHM6Ly93d3cueW91dHViZS5jb20vd2F0Y2g_dj1PRTZsY0ZPYllnb1cDc3BjQgphDDAxEWEGpU_rUhlLcmF0endAemVkYXQuZnUtYmVybGluLmRlWAQAAAAA\">https:\/\/www.youtube.com\/watch?v=OE6lcFObYgo<\/a><\/strong><\/span><\/p>\n<h1><strong><span style=\"font-family: 'Calibri',sans-serif;\">Wald oder W\u00fcste &#8211; was kommt nach dem Fichtensterben?<\/span><\/strong><\/h1>\n<p><span style=\"color: #0000ff;\"><strong><a style=\"color: #0000ff;\" href=\"https:\/\/www1.wdr.de\/mediathek\/video\/sendungen\/die-story\/video-wald-oder-wueste---was-kommt-nach-dem-fichtensterben-100.html\">https:\/\/www1.wdr.de\/mediathek\/video\/sendungen\/die-story\/video-wald-oder-wueste&#8212;was-kommt-nach-dem-fichtensterben-100.html<\/a><\/strong><\/span><\/p>\n<p>siehe auch:<\/p>\n<p><span style=\"color: #0000ff;\"><strong><a style=\"color: #0000ff;\" href=\"https:\/\/www1.wdr.de\/fernsehen\/die-story\/sendungen\/wald-oder-wueste-was-kommt-nach-dem-fichtensterben108.html\">https:\/\/www1.wdr.de\/fernsehen\/die-story\/sendungen\/wald-oder-wueste-was-kommt-nach-dem-fichtensterben108.html<\/a><\/strong><\/span><\/p>\n<p>&nbsp;<\/p>\n<p>&nbsp;<\/p>\n<p><strong>Ebenfalls sehr empfehlenswert, die 2 forstkritischen NANO &#8211; Sendungen in der 3sat Mediathek, u.a. mit Pierre Ibisch: <\/strong><\/p>\n<p>&nbsp;<\/p>\n<p><span style=\"color: #0000ff;\"><strong>Wald als CO2-Senke &#8211; aber wie?: <a style=\"color: #0000ff;\" href=\"https:\/\/www.3sat.de\/wissen\/nano\/210819-senke-nano-102.html\">https:\/\/www.3sat.de\/wissen\/nano\/210819-senke-nano-102.html<\/a><\/strong><\/span><\/p>\n<p><strong><span style=\"color: #0000ff;\">Der Wald als Wasserspeicher: <a style=\"color: #0000ff;\" href=\"https:\/\/www.3sat.de\/wissen\/nano\/210819-wasserspeicher-nano-100.html\">https:\/\/www.3sat.de\/wissen\/nano\/210819-wasserspeicher-nano-100.html<\/a><\/span><\/strong><\/p>\n<h1><strong>Gespr\u00e4chsrunde mit den wald- und forstpolitischen SprecherInnen der Bundestagsfraktionen <\/strong><\/h1>\n<p>Der Deutsche Forstverein und seine Nachwuchsorganisation Junges Netzwerk Forst haben zur Bundestagswahl im September eine digitale Gespr\u00e4chsrunde mit den wald- und forstpolitischen SprecherInnen aller Fraktionen im Bundestag\u00a0 am 24. August 2021 durchgef\u00fchrt.<\/p>\n<p><span style=\"color: #0000ff;\"><strong><a style=\"color: #0000ff;\" href=\"https:\/\/www.forstverein.de\/aktuelles\/news.html?tx_news_pi1%5Bnews%5D=973&amp;cHash=3d08a0034b69fa40509619c9e888317d\">https:\/\/www.forstverein.de\/aktuelles\/news.html?tx_news_pi1%5Bnews%5D=973&amp;cHash=3d08a0034b69fa40509619c9e888317d<\/a><\/strong><\/span><\/p>\n<h1>Naturw\u00e4lder in Hessen<\/h1>\n<p>Der NABU hat eine Zusammenstellung der Naturw\u00e4lder in Hessen erstellt.<\/p>\n<p><a href=\"https:\/\/hessen.nabu.de\/naturundlandschaft\/waelder\/naturwaelder\/hessensnaturwaelder\/index.html\"><span style=\"color: #0000ff;\"><strong>https:\/\/hessen.nabu.de\/naturundlandschaft\/waelder\/naturwaelder\/hessensnaturwaelder\/index.html<\/strong><\/span><\/a><\/p>\n<h1><span class=\"id-article-content-item-headline-text\">Waldsterben: Auch Hessen ist besonders betroffen<\/span><\/h1>\n<p><strong>Hitzewelle mit dramatischen Auswirkungen: Waldsterben setzt sich fort<\/strong><\/p>\n<p>K\u00e4fer, Pilze, Hitze: Die vergangenen drei Jahre haben dem deutschen Wald stark zugesetzt. Aber auch schon vorher stand es nicht zum Besten um den wichtigen CO2-Speicher.<\/p>\n<p><a href=\"https:\/\/www.fr.de\/wirtschaft\/343-000-fussballfelder-toter-wald-90026563.html\"><span style=\"color: #0000ff;\"><strong>Frankfurter Rundschau vom 20.08.2020<\/strong><\/span><\/a><\/p>\n<h1>Die Natur Natur sein lassen<\/h1>\n<p>Unter diesem Motto d\u00fcrfen sich im Nationalpark Bayerischer Wald \u2013 dem \u00e4ltesten Deutschlands \u2013Tiere und Pflanzen ausbreiten. Seit nunmehr 50 Jahren.<\/p>\n<p><a href=\"https:\/\/www.fr.de\/panorama\/natur-natur-sein-lassen-13838047.html\"><strong><span style=\"color: #0000ff;\">https:\/\/www.fr.de\/panorama\/natur-natur-sein-lassen-13838047.html<\/span><\/strong><\/a><\/p>\n<h1 class=\"bcast_headline\">50 Jahre Unter unserem Himmel <span class=\"bcast_subtitle\">Energie aus dem Wald &#8211; Die Grenzen der Nachhaltigkeit<\/span><\/h1>\n<p><a href=\"https:\/\/www.br.de\/fernsehen\/ard-alpha\/programmkalender\/ausstrahlung-1971162.html\"><strong><span style=\"color: #0000ff;\">https:\/\/www.br.de\/fernsehen\/ard-alpha\/programmkalender\/ausstrahlung-1971162.html<\/span><\/strong><\/a><\/p>\n<h1><strong>Neue Website Waldreport.de <\/strong><\/h1>\n<h1><strong>zur Erfassung bundesweiter Waldsch\u00e4den in einer digitalen Waldschadenskarte!<br \/>\n<\/strong><\/h1>\n<h1>Nur gemeinsam k\u00f6nnen wir zeigen, wo Rodungen, Kahlschl\u00e4ge und Verw\u00fcstungen den Lebensraum Wald bedrohen!<\/h1>\n<p>die Waldschadenskarte zur Erfassung bundesweiter Waldsch\u00e4den und Waldzerst\u00f6rung ist nun offiziell an den Start gegangen!<br \/>\n<a href=\"https:\/\/waldreport.de\/\"><span style=\"color: #0000ff;\"><strong>https:\/\/waldreport.de\/<\/strong><\/span><\/a><\/p>\n<p>Mit an Bord sind bei dieser Karte die Naturwald Akademie, ROBIN WOOD und wir, die BundesB\u00fcrgerInitiative WaldSchutz (BBIWS)!<br \/>\n<a href=\"https:\/\/waldreport.de\/#ueber-uns\"><span style=\"color: #0000ff;\"><strong>https:\/\/waldreport.de\/#ueber-uns<\/strong><\/span><\/a><\/p>\n<p>Eintragen ist Verbands- und Organisationsunabh\u00e4ngig. Jeder B\u00fcrger, der einen Waldschaden beklagt, kann diesen eintragen.<\/p>\n<p>Peter Wohlleben schreibt hierzu:<\/p>\n<p>\u201e<em>Ich begr\u00fc\u00dfe den Start der Seite \u201ewaldreport.de\u201c sehr. Es ist ein weiteres demokratisches Instrument zum Schutz unserer W\u00e4lder und erm\u00f6glicht es jeder B\u00fcrgerin und jedem B\u00fcrger, aktiv Verantwortung f\u00fcr die W\u00e4lder vor der eigenen Haust\u00fcr zu \u00fcbernehmen.\u201c<\/em><\/p>\n<h1><strong>Chinas Holzhunger l\u00f6st Streit mit Moskau aus<\/strong><\/h1>\n<p>Der enorme Rohstoffhunger Chinas hat einen neuen Streit ausgel\u00f6st. In diesem Fall geht es um Holz aus den riesigen W\u00e4ldern Russlands. Die Abholzungen vom Altaigebirge bis zur Pazifikk\u00fcste hinterlassen wegen fehlender Aufforstung eine Spur der Verw\u00fcstung \u2013 und dazu geharnischte Kritik aus Russland. Denn f\u00fcr viele Russen und Russinen sei der Schuldige an der Umwelts\u00fcnde klar China, wie die \u201eNew York Times\u201c schreibt.<\/p>\n<ol start=\"8\">\n<li>Juni 2019<\/li>\n<\/ol>\n<p><a href=\"https:\/\/orf.at\/stories\/3119860\/?utm_source=pocket-newtab\"><strong><span style=\"color: #0000ff;\">https:\/\/orf.at\/stories\/3119860\/?utm_source=pocket-newtab<\/span><\/strong><\/a><\/p>\n<h1 class=\"article-header__heading\"><strong>Tandem-X des DLR:\u00a0 <\/strong><strong>Erste einheitliche Waldkarte der Erde<\/strong><\/h1>\n<p>Dank Hunderttausender Satellitenbilder haben Forscher die erste global einheitliche Waldkarte erstellt. Sie zeigt, wie viel bereits verloren gegangen ist.<\/p>\n<p><a href=\"https:\/\/www.heise.de\/newsticker\/meldung\/Tandem-X-des-DLR-Erste-einheitliche-Waldkarte-der-Erde-4416341.html?utm_source=pocket-newtab\"><span style=\"color: #0000ff;\"><strong>https:\/\/www.heise.de\/newsticker\/meldung\/Tandem-X-des-DLR-Erste-einheitliche-Waldkarte-der-Erde-4416341.html?utm_source=pocket-newtab<\/strong><\/span><\/a><\/p>\n<h1><strong>Radio Darmstadt \u00d6kotopia zu Klima<\/strong><\/h1>\n<p>Sendung von Radio Darmstadt \u00d6kotopia zu Klima, Wald, Gift, Neophyten und forstlichen Notwendigkeiten, Bertram, Ecker, Greenpeace, Thiele Schramme, Ziesling<\/p>\n<p><a href=\"https:\/\/www.radiodarmstadt.de\/fileadmin\/user_upload\/mediapool\/Mediathek-plus7\/RadaR_Oekotopia-Wald_2019-05-07.mp3\"><strong><span style=\"color: #0000ff;\">https:\/\/www.radiodarmstadt.de\/fileadmin\/user_upload\/mediapool\/Mediathek-plus7\/RadaR_Oekotopia-Wald_2019-05-07.mp3<\/span><\/strong><\/a><\/p>\n<ul>\n<li>\n<h1><strong>Holzprodukton: Ab durch den Kamin &#8211; Zeit Online:<\/strong><\/h1>\n<p><u><a href=\"https:\/\/www.zeit.de\/2017\/13\/waelder-deutschland-abholzung-naturschutzgebiet-naturschutz\"><strong><span style=\"color: #0000ff;\">https:\/\/www.zeit.de\/2017\/13\/waelder-deutschland-abholzung-naturschutzgebiet-naturschutz<\/span><\/strong><\/a><\/u><br \/>\n\u21d2 Deutschland ist nach Schweden und Finnland drittgr\u00f6\u00dfter Holzproduzent Europas.<\/li>\n<\/ul>\n<p>&nbsp;<\/p>\n<ul>\n<li>\n<h1><strong>Holzvorrat: Mit Natur hat der deutsche Wald nichts zu tun &#8211; Welt:<\/strong><\/h1>\n<p><u><a href=\"https:\/\/www.welt.de\/wissenschaft\/umwelt\/article133221218\/Mit-Natur-hat-der-deutsche-Wald-nichts-zu-tun.html\"><span style=\"color: #0000ff;\"><strong>https:\/\/www.welt.de\/wissenschaft\/umwelt\/article133221218\/Mit-Natur-hat-der-deutsche-Wald-nichts-zu-tun.html<\/strong><\/span><\/a><\/u><br \/>\n\u21d2 Deutschland: 3,7 Milliarden Kubikmeter Holzvorrat auf 11,4 Millionen Hektar Fl\u00e4che.<br \/>\n\u21d2 Schweden : 3,6 Milliarden Kubikmeter Holzvorrat auf 28 Millionen Hektar Fl\u00e4che.<\/li>\n<\/ul>\n<h1><strong>\u2022 Holzverbrennung: Das gro\u00dfe geholze &#8211; Spiegel:<\/strong><\/h1>\n<p><u><a href=\"http:\/\/www.spiegel.de\/wirtschaft\/unternehmen\/forst-deutschland-verbrennt-zuviel-holz-aus-dem-wald-a-1002063.html\"><strong><span style=\"color: #0000ff;\">http:\/\/www.spiegel.de\/wirtschaft\/unternehmen\/forst-deutschland-verbrennt-zuviel-holz-aus-dem-wald-a-1002063.html<\/span><\/strong><\/a><\/u><br \/>\n\u21d2 Im Jahr 2010 erstmals mehr als 50 % des hierzulande verbrauchten Holzes zur Energiegewinnung verheizt.<\/p>\n<h1><strong>Holzm\u00e4rchen<\/strong><\/h1>\n<p><span style=\"color: #0000ff;\"><strong><a style=\"color: #0000ff;\" href=\"https:\/\/www.fff-odenwald.de\/holzm%C3%A4rchen\/\">https:\/\/www.fff-odenwald.de\/holzm%C3%A4rchen\/<\/a><\/strong><\/span><\/p>\n<h1 class=\"id-Article-headline \"><strong>\u201eWir brauchen naturnahe W\u00e4lder\u201c<\/strong><\/h1>\n<p>Interview in der Frankfurter Rundschau<\/p>\n<p><a href=\"https:\/\/www.fr.de\/wissen\/wir-brauchen-naturnahe-waelder-12074400.html\"><span style=\"color: #0000ff;\"><strong>https:\/\/www.fr.de\/wissen\/wir-brauchen-naturnahe-waelder-12074400.html<\/strong><\/span><\/a><\/p>\n<h1><b>Waldschutz mit B\u00fcrgerinitiative Zukunft Stuttgarter Wald und ForstBw im Fernsehen<\/b><\/h1>\n<p><a href=\"https:\/\/www.wald-stuttgart.de\/medienecho\"><span style=\"color: #0000ff;\"><strong>https:\/\/www.wald-stuttgart.de\/medienecho<\/strong><\/span><\/a><\/p>\n<h1 class=\"id-Article-headline \"><strong>Kritik an Fraport-Prognose zu A380-Werft<\/strong><\/h1>\n<p><a href=\"https:\/\/www.fr.de\/frankfurt\/a380-werft-frankfurt-flughafen-fraport-prognose-11789308.html\"><span style=\"color: #0000ff;\"><strong>https:\/\/www.fr.de\/frankfurt\/a380-werft-frankfurt-flughafen-fraport-prognose-11789308.html<\/strong><\/span><\/a><\/p>\n<h1 class=\"column small-12 large-8 large-offset-2 vrm-articleDetail__title h1\"><strong>K\u00e4mpfer f\u00fcr den Wald<\/strong><\/h1>\n<p>Die Initiative Fight For Forest Odenwald prangert <span style=\"color: #0000ff;\"><strong><a style=\"color: #0000ff;\" href=\"https:\/\/www.echo-online.de\/lokales\/bergstrasse\/lindenfels\/kampfer-fur-den-wald_19950748#cxrecs_s\">Waldsch\u00e4den in Lindenfels<\/a><\/strong><\/span> an. Revier-F\u00f6rster Dirk Dins widerspricht der Kritik der Initiative.<\/p>\n<h1><strong>F\u00f6rsterm\u00e4rchen<\/strong><\/h1>\n<p>Informationen \u00fcber deutschlandweit kursierende Holz- und\u00a0 <span style=\"color: #0000ff;\"><strong><a style=\"color: #0000ff;\" href=\"https:\/\/www.fff-odenwald.de\/waldzustandsanalyse\/\">F\u00f6rsterm\u00e4rchen<\/a>.<\/strong><\/span><\/p>\n<h1><strong>Buchenqu\u00e4len<\/strong><\/h1>\n<p>Sabine Hodges schreibt<\/p>\n<p style=\"margin: 0cm; margin-bottom: .0001pt;\"><strong><i>Hessen-Forst mit Lizenz zum <span style=\"color: #0000ff;\"><a style=\"color: #0000ff;\" href=\"http:\/\/pro-walderhalt.de\/wp-content\/uploads\/2019\/02\/Buchenqu\u00e4len.pdf\">Buchenqu\u00e4len<\/a><\/span>?<\/i><\/strong><\/p>\n<h1><strong>Kritischer ARD Beitrag: FSC und Urw\u00e4lder<\/strong><\/h1>\n<p><a href=\"http:\/\/www.daserste.de\/information\/reportage-dokumentation\/dokus\/videos\/die-ausbeutung-der-urwaelder-video-102.html\"><span style=\"color: #0000ff;\"><strong>www.daserste.de\/information\/reportage-dokumentation\/dokus\/videos\/die-ausbeutung-der-urwaelder-video-102.html<\/strong><\/span><\/a><\/p>\n<h1><strong>Wald unterm Hammer<\/strong><\/h1>\n<p><strong>S\u00e4gewerksbetreiber wollen gegen System der Holzvermarktung prozessieren. Im Hintergrund agieren Renditej\u00e4ger<\/strong><\/p>\n<p><em>Von Ralf Wurzbacher<\/em><\/p>\n<p><span style=\"color: #0000ff;\"><strong><a style=\"color: #0000ff;\" href=\"https:\/\/www.jungewelt.de\/artikel\/346737.zugriff-auf-ressourcen-wald-unterm-hammer.html\">https:\/\/www.jungewelt.de\/artikel\/346737.zugriff-auf-ressourcen-wald-unterm-hammer.html<\/a><\/strong><\/span><\/p>\n<h1><strong>Das Forstamt mit dem Kieferwahn<\/strong><\/h1>\n<p>Sabine Hodges<\/p>\n<p><iframe loading=\"lazy\" title=\"Das Forstamt mit dem Kiefernwahn\" width=\"525\" height=\"295\" src=\"https:\/\/www.youtube.com\/embed\/0mLmUqDAIGI?feature=oembed\" frameborder=\"0\" allow=\"accelerometer; autoplay; clipboard-write; encrypted-media; gyroscope; picture-in-picture; web-share\" referrerpolicy=\"strict-origin-when-cross-origin\" allowfullscreen><\/iframe><\/p>\n<h1><strong>Baummikrohabitate haben\u00a0Vorteile <\/strong><\/h1>\n<p>Franz-Josef Adrian<\/p>\n<p><a href=\"http:\/\/franzjosefadrian.com\/vorteile-der-baummikrohabitate-fuer-buergerinitiativen\/\"><span style=\"color: #0000ff;\"><strong>http:\/\/franzjosefadrian.com\/vorteile-der-baummikrohabitate-fuer-buergerinitiativen\/<\/strong><\/span><\/a><\/p>\n<h1><strong>Hannes Elster, Schwarzbuch FSC, eine Streitschrift<\/strong><\/h1>\n<p>Zum Autor:<\/p>\n<p>Nach Studium \u2013 Philologie und Rechtswissenschaft \u2013 arbeitete der Autor in der Wirtschaftsredaktion des S\u00fcdwestrundfunks in Baden-Baden. Von 2006 und 2011 war er Chefredakteur der Zeitschrift proWALD.<\/p>\n<p><span style=\"color: #0000ff;\"><strong><a style=\"color: #0000ff;\" href=\"https:\/\/waldkritik.de\/wp-content\/uploads\/2018\/01\/Elster_Schwarzbuch-FSC_Final.pdf\">https:\/\/waldkritik.de\/wp-content\/uploads\/2018\/01\/Elster_Schwarzbuch-FSC_Final.pdf<\/a><\/strong><\/span><\/p>\n<h1><strong>Karte mit nutzungsfreien Kernfl\u00e4chen im Staatswald<\/strong><\/h1>\n<p>das Land Hessen hat in einer 2. Tranche weitere nutzungsfreie W\u00e4lder (\u201eKernfl\u00e4chen\u201c) ausgewiesen. Auf dieser Karte k\u00f6nnen Sie sehen, welche Gebiete sich bei Ihnen k\u00fcnftig zu Naturw\u00e4ldern entwickeln k\u00f6nnen:<\/p>\n<p><a href=\"https:\/\/umweltministerium.hessen.de\/\/sites\/default\/files\/media\/hmuelv\/kernflaechenkulisse_mai_2016.pdf\"><strong><span style=\"color: #0000ff;\">https:\/\/umweltministerium.hessen.de\/\/sites\/default\/files\/media\/hmuelv\/kernflaechenkulisse_mai_2016.pdf<\/span><\/strong><\/a><\/p>\n<h1><strong>120 Organisationen fordern ein Ende des \u201eBiomasse-Wahns\u201c<\/strong><\/h1>\n<p><span style=\"color: #0000ff;\"><strong><a style=\"color: #0000ff;\" href=\"https:\/\/waldkritik.de\/wp-content\/uploads\/2018\/01\/Elster_Schwarzbuch-FSC_Final.pdf\">https:\/\/waldkritik.de\/wp-content\/uploads\/2018\/01\/Elster_Schwarzbuch-FSC_Final.pdf<\/a><\/strong><\/span><\/p>\n<h1 class=\"atc-Headline atc-Headline-lg\"><strong><span class=\"atc-HeadlineText\">Patient Wald<\/span><\/strong><\/h1>\n<p>Noch nie waren die Sch\u00e4den im Wald so gro\u00df wie in diesem Jahr \u2013 auch die finanziellen Auswirkungen auf die Forstwirtschaft sind verheerend. Was sind die Gr\u00fcnde?<\/p>\n<p><a href=\"http:\/\/www.faz.net\/aktuell\/wirtschaft\/mehr-wirtschaft\/baumsterben-patient-wald-15846204.html\"><strong><span style=\"color: #0000ff;\">http:\/\/www.faz.net\/aktuell\/wirtschaft\/mehr-wirtschaft\/baumsterben-patient-wald-15846204.html<\/span><\/strong><\/a><\/p>\n<h1><strong>Peter Wohlleben bei Markus Lanz<\/strong><\/h1>\n<h2>16. Oktober 2018. Zu Gast waren Politikerin Katharina Schulze, Politiker Erwin Huber, Journalist Michael Spreng sowie F\u00f6rster und Autor Peter Wohlleben:<\/h2>\n<p><span style=\"color: #0000ff;\"><strong><a style=\"color: #0000ff;\" href=\"https:\/\/www.zdf.de\/gesellschaft\/markus-lanz\/markus-lanz-vom-16-oktober-2018-100.html\">https:\/\/www.zdf.de\/gesellschaft\/markus-lanz\/markus-lanz-vom-16-oktober-2018-100.html<\/a><\/strong><\/span><\/p>\n<h1><strong>Das Neueste aus der Wissenschaft zum M\u00e4rchen Holz aus W\u00e4ldern als Energielieferant sei klimaneutral:<\/strong><\/h1>\n<p><span style=\"color: #0000ff;\"><a style=\"color: #0000ff;\" href=\"https:\/\/www.hu-berlin.de\/de\/pr\/nachrichten\/september-2018\/nr_180913_02\"><strong>https:\/\/www.hu-berlin.de\/de\/pr\/nachrichten\/september-2018\/nr_180913_02<\/strong><\/a><\/span><\/p>\n<h1><strong>Wie die Europ\u00e4ische Energiepolitik die W\u00e4lder der Erde gef\u00e4hrdet<\/strong><\/h1>\n<div class=\"documentDescription\">Zwei HU-Wissenschaftler sind Mitautoren eines<span style=\"color: #0000ff;\"><strong> <a style=\"color: #0000ff;\" href=\"https:\/\/www.hu-berlin.de\/de\/pr\/nachrichten\/september-2018\/nr_180913_02\">Kommentars zur Neufassung der Erneuerbaren-Energie-Richtlinie.<\/a><\/strong><\/span><\/div>\n<div><\/div>\n<h1><strong>Darmst\u00e4dter B\u00fcrger demonstrieren f\u00fcr den Erhalt des <\/strong><strong> <span style=\"color: #0000ff;\"><a style=\"color: #0000ff;\" href=\"https:\/\/www.echo-online.de\/lokales\/darmstadt\/der-wald-soll-bleiben_19106845\">Hambacher Forstes<\/a><\/span><\/strong><\/h1>\n<h1><strong>Wald im Wandel <\/strong><\/h1>\n<p>Die wirtschaftliche Nutzung pr\u00e4gt unsere W\u00e4lder. Nur auf wenigen Fl\u00e4chen d\u00fcrfen sie nat\u00fcrlich wachsen. Ein Bericht in der Frankfurter Rundschau von Stephan B\u00f6rnecke\u00a0 <a href=\"http:\/\/www.fr.de\/wissen\/klimawandel\/umwelt\/wald-im-wandel-uralt-wird-kaum-ein-deutscher-baum-a-1450846\"><span style=\"color: #0000ff;\"><strong>Wald im Wandel<\/strong><\/span><\/a><\/p>\n","protected":false},"excerpt":{"rendered":"<p>BundesB\u00fcrgerInitiative WaldSchutz (BBIWS) Gegr\u00fcndet am 01.07.2017 in Darmstadt https:\/\/www.bundesbuergerinitiative-waldschutz.de\/ Essays, Gedichte \u00fcber Wald und B\u00e4ume von Willi Grigor Unser Wald \u2013 Klimaretter oder Klimaopfer? Richard David Precht im Gespr\u00e4ch mit Peter Wohlleben https:\/\/www.zdf.de\/gesellschaft\/precht\/precht-230.html Waldgipfel 2021 bei Peter Wohlleben Tag 1: https:\/\/www.youtube.com\/watch?v=cygVGppzndY Tag 2: https:\/\/www.youtube.com\/watch?v=OE6lcFObYgo Wald oder W\u00fcste &#8211; was kommt nach dem Fichtensterben? https:\/\/www1.wdr.de\/mediathek\/video\/sendungen\/die-story\/video-wald-oder-wueste&#8212;was-kommt-nach-dem-fichtensterben-100.html siehe &hellip; <\/p>\n<p class=\"link-more\"><a href=\"https:\/\/pro-walderhalt.de\/?page_id=9\" class=\"more-link\"><span class=\"screen-reader-text\">\u201eInteressante Links\u201c <\/span>weiterlesen<\/a><\/p>\n","protected":false},"author":1,"featured_media":0,"parent":0,"menu_order":0,"comment_status":"closed","ping_status":"closed","template":"","meta":{"footnotes":""},"class_list":["post-9","page","type-page","status-publish","hentry"],"_links":{"self":[{"href":"https:\/\/pro-walderhalt.de\/index.php?rest_route=\/wp\/v2\/pages\/9","targetHints":{"allow":["GET"]}}],"collection":[{"href":"https:\/\/pro-walderhalt.de\/index.php?rest_route=\/wp\/v2\/pages"}],"about":[{"href":"https:\/\/pro-walderhalt.de\/index.php?rest_route=\/wp\/v2\/types\/page"}],"author":[{"embeddable":true,"href":"https:\/\/pro-walderhalt.de\/index.php?rest_route=\/wp\/v2\/users\/1"}],"replies":[{"embeddable":true,"href":"https:\/\/pro-walderhalt.de\/index.php?rest_route=%2Fwp%2Fv2%2Fcomments&post=9"}],"version-history":[{"count":56,"href":"https:\/\/pro-walderhalt.de\/index.php?rest_route=\/wp\/v2\/pages\/9\/revisions"}],"predecessor-version":[{"id":788,"href":"https:\/\/pro-walderhalt.de\/index.php?rest_route=\/wp\/v2\/pages\/9\/revisions\/788"}],"wp:attachment":[{"href":"https:\/\/pro-walderhalt.de\/index.php?rest_route=%2Fwp%2Fv2%2Fmedia&parent=9"}],"curies":[{"name":"wp","href":"https:\/\/api.w.org\/{rel}","templated":true}]}}