{"id":7,"date":"2018-02-27T18:59:40","date_gmt":"2018-02-27T18:59:40","guid":{"rendered":"http:\/\/pro-walderhalt.de\/?page_id=7"},"modified":"2022-06-08T22:53:25","modified_gmt":"2022-06-08T22:53:25","slug":"termine","status":"publish","type":"page","link":"https:\/\/pro-walderhalt.de\/?page_id=7","title":{"rendered":"Termine"},"content":{"rendered":"<blockquote><p>Wir treffen uns regelm\u00e4\u00dfig am <strong>2. Donnerstag eines Monats um 19:30 Uhr\u00a0<\/strong>im <strong>Chausseehaus, Bahnhofstr. 61, 64367 Nieder-Ramstadt<\/strong>. Die N- und O-Bus-Haltestelle \u201eTrautheim\u201c ist direkt gegen\u00fcber.<\/p><\/blockquote>\n<p><strong><span style=\"color: #ff0000;\">Wichtiger Hinweis: Bis auf weiteres finden einschlie\u00dflich Donnerstag, dem 09.06.2022 keine Sitzungen mehr statt. Falls sich daran etwas \u00e4ndert, wird es hier mitgeteilt.<\/span><\/strong><\/p>\n","protected":false},"excerpt":{"rendered":"<p>Wir treffen uns regelm\u00e4\u00dfig am 2. Donnerstag eines Monats um 19:30 Uhr\u00a0im Chausseehaus, Bahnhofstr. 61, 64367 Nieder-Ramstadt. Die N- und O-Bus-Haltestelle \u201eTrautheim\u201c ist direkt gegen\u00fcber. Wichtiger Hinweis: Bis auf weiteres finden einschlie\u00dflich Donnerstag, dem 09.06.2022 keine Sitzungen mehr statt. Falls sich daran etwas \u00e4ndert, wird es hier mitgeteilt.<\/p>\n","protected":false},"author":1,"featured_media":0,"parent":0,"menu_order":0,"comment_status":"closed","ping_status":"closed","template":"","meta":{"footnotes":""},"_links":{"self":[{"href":"https:\/\/pro-walderhalt.de\/index.php?rest_route=\/wp\/v2\/pages\/7"}],"collection":[{"href":"https:\/\/pro-walderhalt.de\/index.php?rest_route=\/wp\/v2\/pages"}],"about":[{"href":"https:\/\/pro-walderhalt.de\/index.php?rest_route=\/wp\/v2\/types\/page"}],"author":[{"embeddable":true,"href":"https:\/\/pro-walderhalt.de\/index.php?rest_route=\/wp\/v2\/users\/1"}],"replies":[{"embeddable":true,"href":"https:\/\/pro-walderhalt.de\/index.php?rest_route=%2Fwp%2Fv2%2Fcomments&post=7"}],"version-history":[{"count":47,"href":"https:\/\/pro-walderhalt.de\/index.php?rest_route=\/wp\/v2\/pages\/7\/revisions"}],"predecessor-version":[{"id":1111,"href":"https:\/\/pro-walderhalt.de\/index.php?rest_route=\/wp\/v2\/pages\/7\/revisions\/1111"}],"wp:attachment":[{"href":"https:\/\/pro-walderhalt.de\/index.php?rest_route=%2Fwp%2Fv2%2Fmedia&parent=7"}],"curies":[{"name":"wp","href":"https:\/\/api.w.org\/{rel}","templated":true}]}}